{"id":6261,"date":"2025-08-19T21:04:58","date_gmt":"2025-08-19T21:04:58","guid":{"rendered":"https:\/\/solvi.fo\/?page_id=6261"},"modified":"2025-08-21T18:38:47","modified_gmt":"2025-08-21T18:38:47","slug":"taenastur","status":"publish","type":"page","link":"https:\/\/solvi.fo\/?page_id=6261","title":{"rendered":"T\u00e6nastur"},"content":{"rendered":"<div  class=\"one withsmallpadding ppb_header \" style=\"padding-bottom: 20px !important;text-align:center;padding:60px 0 60px 0;background-color:#ffffff;\" >\n<div class=\"standard_wrapper\">\n<div class=\"page_content_wrapper\">\n<div class=\"inner\">\n<div style=\"margin:auto;width:100%\">\n<h2 class=\"ppb_title\" style=\"\">3D SKANNING OG TYKISFER\u00d0IR &#8211; EIN N\u00ddM\u00d3TANS TALGILD FRAMS\u00ddNING OG SKR\u00c1SETING<\/h2>\n<div class=\"ppb_subtitle\" style=\"\">Vi\u00f0komandi hj\u00e1 t\u00e6r, sum ynskir at s\u00fdna fram \u00e1 ein n\u00fdm\u00f3tans h\u00e1tt<\/div>\n<div class=\"page_header_sep center\"><\/div>\n<\/div>\n<\/div>\n<\/div>\n<\/div>\n<\/div>\n<div class=\"standard_wrapper\">\n<div  class=\"one_third withsmallpadding ppb_text\" style=\"padding:30px 0 30px 0;\" >\n<div class=\"standard_wrapper\">\n<div class=\"page_content_wrapper\">\n<div class=\"inner\">\n<div style=\"margin:auto;width:100%\">\n<p><img loading=\"lazy\" decoding=\"async\" class=\"alignnone wp-image-6271 size-large\" src=\"https:\/\/solvi.fo\/wp-content\/uploads\/2025\/08\/The-Olavs-Church-Kirkjubo-1024x569.jpg\" alt=\"\" width=\"1024\" height=\"569\" srcset=\"https:\/\/solvi.fo\/wp-content\/uploads\/2025\/08\/The-Olavs-Church-Kirkjubo-1024x569.jpg 1024w, https:\/\/solvi.fo\/wp-content\/uploads\/2025\/08\/The-Olavs-Church-Kirkjubo-300x167.jpg 300w, https:\/\/solvi.fo\/wp-content\/uploads\/2025\/08\/The-Olavs-Church-Kirkjubo-768x427.jpg 768w, https:\/\/solvi.fo\/wp-content\/uploads\/2025\/08\/The-Olavs-Church-Kirkjubo-1536x854.jpg 1536w, https:\/\/solvi.fo\/wp-content\/uploads\/2025\/08\/The-Olavs-Church-Kirkjubo-2048x1138.jpg 2048w, https:\/\/solvi.fo\/wp-content\/uploads\/2025\/08\/The-Olavs-Church-Kirkjubo-705x392.jpg 705w\" sizes=\"auto, (max-width: 1024px) 100vw, 1024px\" \/><\/p>\n<h5>Tykisfer\u00f0ir<\/h5>\n<p>Lat vitjandi koma innar hj\u00e1 tykkum, uttan mun til hvar tey eru st\u00f8dd. Okkara interaktivu tykisfer\u00f0ir geva teimum vitjandi fr\u00e6lsi at ganga runt \u00ed tykkara bygningi ella \u00f8ki, hyggja n\u00e6rri at sm\u00e1lutum og at uppliva \u00f8ki\u00f0, sum um tey v\u00f3ru har &#8211; \u00e1 telefon, teldu ella vi\u00f0 3D-brillum. \u00cd tykisfer\u00f0ini kunnu t.d. eisini vera uppl\u00fdsandi tekstur, lj\u00f3\u00f0brot og videobrot.<\/p>\n<p>Royn eina tykisfer\u00f0 her: <a href=\"https:\/\/my.mpskin.com\/fo\/tour\/xqz1jyg7cf\">\u00d3lavskirkjan \u00ed Kirkjub\u00f8<\/a><\/p>\n<\/div>\n<\/div>\n<\/div>\n<\/div>\n<\/div>\n<\/div>\n<div class=\"standard_wrapper\">\n<div  class=\"one_third withsmallpadding ppb_text\" style=\"padding:30px 0 30px 0;\" >\n<div class=\"standard_wrapper\">\n<div class=\"page_content_wrapper\">\n<div class=\"inner\">\n<div style=\"margin:auto;width:100%\">\n<p><img loading=\"lazy\" decoding=\"async\" class=\"alignnone size-large wp-image-6242\" src=\"https:\/\/solvi.fo\/wp-content\/uploads\/2012\/08\/Glasir-Dollhouse-View_web-3000-1024x576.jpg\" alt=\"\" width=\"1024\" height=\"576\" srcset=\"https:\/\/solvi.fo\/wp-content\/uploads\/2012\/08\/Glasir-Dollhouse-View_web-3000-1024x576.jpg 1024w, https:\/\/solvi.fo\/wp-content\/uploads\/2012\/08\/Glasir-Dollhouse-View_web-3000-300x169.jpg 300w, https:\/\/solvi.fo\/wp-content\/uploads\/2012\/08\/Glasir-Dollhouse-View_web-3000-768x432.jpg 768w, https:\/\/solvi.fo\/wp-content\/uploads\/2012\/08\/Glasir-Dollhouse-View_web-3000-1536x864.jpg 1536w, https:\/\/solvi.fo\/wp-content\/uploads\/2012\/08\/Glasir-Dollhouse-View_web-3000-2048x1152.jpg 2048w, https:\/\/solvi.fo\/wp-content\/uploads\/2012\/08\/Glasir-Dollhouse-View_web-3000-705x396.jpg 705w\" sizes=\"auto, (max-width: 1024px) 100vw, 1024px\" \/><\/p>\n<h5>3D-skanning og skr\u00e1seting<\/h5>\n<p>Vi\u00f0 3D-skanning ber eisini til at skr\u00e1seta h\u00f8li ella \u00f8ki til egi\u00f0 privat br\u00fak, eins og ta\u00f0 ber til at f\u00e1a 3D-modell, \u00a0tekningar og punktsk\u00fdggj aftrat 3D-rundfer\u00f0ini.<\/p>\n<\/div>\n<\/div>\n<\/div>\n<\/div>\n<\/div>\n<\/div>\n<div class=\"standard_wrapper\">\n<div  class=\"one_third last withsmallpadding ppb_text\" style=\"padding:30px 0 30px 0;\" >\n<div class=\"standard_wrapper\">\n<div class=\"page_content_wrapper\">\n<div class=\"inner\">\n<div style=\"margin:auto;width:100%\">\n<p><img loading=\"lazy\" decoding=\"async\" class=\"alignnone size-full wp-image-6319\" src=\"https:\/\/solvi.fo\/wp-content\/uploads\/2025\/08\/SiL15.08.25.gif\" alt=\"\" width=\"960\" height=\"540\" \/><\/p>\n<h5>Time-lapse<\/h5>\n<p>Vi\u00f0 uppsetan av einum serligum time-lapse myndat\u00f3li\u00f0 ber til at dokumentera verk\u00e6tlanir yvir t\u00ed\u00f0. Myndir ver\u00f0a tiknar sj\u00e1lvvirkandi vi\u00f0 j\u00f8vnum millumbili og s\u00ed\u00f0ani settar saman til ein film. Myndat\u00f3li\u00f0 f\u00e6r streym fr\u00e1 s\u00f3lpaneli og sendir myndir upp vi\u00f0 5G sambandi.<\/p>\n<\/div>\n<\/div>\n<\/div>\n<\/div>\n<\/div>\n<\/div>\n<div  class=\"one ppb_fullwidth_button\" style=\"background-color:#ababab;padding:30px 0 30px 0;\">\n<div class=\"standard_wrapper\">\n<h2 class=\"title\" style=\"color:;\">Bi\u00f0 um eitt \u00f3keypis \u00f3bindandi tilbo\u00f0 upp\u00e1 eina tykisfer\u00f0 ella 3D-skanning av t\u00ednum h\u00f8lum ella \u00f8ki.<\/h2>\n<p><a href=\"mailto:soelvi@mac.com\" class=\"button\" >Send bo\u00f0<\/a><\/div>\n<\/div>\n<div  class=\"one\" style=\"padding:30px 0 30px 0;\" >\n<div class=\"page_content_wrapper withbg\" style=\"background-image:url(https:\/\/solvi.fo\/wp-content\/uploads\/2025\/02\/Kvivik-scaled.jpg);background-size:cover;background-position:center top;height:600px;position:relative;\"><\/div>\n<\/div>\n","protected":false},"excerpt":{"rendered":"<p>3D SKANNING OG TYKISFER\u00d0IR &#8211; EIN N\u00ddM\u00d3TANS TALGILD FRAMS\u00ddNING OG SKR\u00c1SETING Vi\u00f0komandi hj\u00e1 t\u00e6r, sum ynskir at s\u00fdna fram \u00e1 ein n\u00fdm\u00f3tans h\u00e1tt Tykisfer\u00f0ir Lat vitjandi koma innar hj\u00e1 tykkum, uttan mun til hvar tey eru st\u00f8dd. Okkara interaktivu tykisfer\u00f0ir [&hellip;]<\/p>\n","protected":false},"author":1,"featured_media":0,"parent":0,"menu_order":0,"comment_status":"closed","ping_status":"closed","template":"","meta":{"footnotes":""},"class_list":["post-6261","page","type-page","status-publish","hentry"],"_links":{"self":[{"href":"https:\/\/solvi.fo\/index.php?rest_route=\/wp\/v2\/pages\/6261","targetHints":{"allow":["GET"]}}],"collection":[{"href":"https:\/\/solvi.fo\/index.php?rest_route=\/wp\/v2\/pages"}],"about":[{"href":"https:\/\/solvi.fo\/index.php?rest_route=\/wp\/v2\/types\/page"}],"author":[{"embeddable":true,"href":"https:\/\/solvi.fo\/index.php?rest_route=\/wp\/v2\/users\/1"}],"replies":[{"embeddable":true,"href":"https:\/\/solvi.fo\/index.php?rest_route=%2Fwp%2Fv2%2Fcomments&post=6261"}],"version-history":[{"count":26,"href":"https:\/\/solvi.fo\/index.php?rest_route=\/wp\/v2\/pages\/6261\/revisions"}],"predecessor-version":[{"id":6328,"href":"https:\/\/solvi.fo\/index.php?rest_route=\/wp\/v2\/pages\/6261\/revisions\/6328"}],"wp:attachment":[{"href":"https:\/\/solvi.fo\/index.php?rest_route=%2Fwp%2Fv2%2Fmedia&parent=6261"}],"curies":[{"name":"wp","href":"https:\/\/api.w.org\/{rel}","templated":true}]}}